{"id":16,"date":"2022-03-16T11:56:05","date_gmt":"2022-03-16T10:56:05","guid":{"rendered":"http:\/\/192.168.83.131\/?page_id=16"},"modified":"2026-03-31T14:03:02","modified_gmt":"2026-03-31T12:03:02","slug":"impressum","status":"publish","type":"page","link":"https:\/\/ihr-telefonpartner.de\/index.php\/impressum\/","title":{"rendered":"Impressum"},"content":{"rendered":"\n<h3 class=\"wp-block-heading\">verantwortlich im Sinne des Teledienstgesetzes<\/h3>\n\n\n\n<h3 class=\"wp-block-heading\">&nbsp; Firmensitz:&nbsp;<\/h3>\n\n\n\n<h3 class=\"wp-block-heading\">&nbsp; ER &amp; BE Com GmbH&nbsp;<\/h3>\n\n\n\n<h3 class=\"wp-block-heading\">&nbsp; Uftrunger Hauptstra\u00dfe 56&nbsp;<\/h3>\n\n\n\n<h3 class=\"wp-block-heading\">&nbsp; 06536 S\u00fcdharz OT Uftrungen&nbsp;<\/h3>\n\n\n\n<h3 class=\"wp-block-heading\">&nbsp; Telefon: 034653 \/ 729080<\/h3>\n\n\n\n<h3 class=\"wp-block-heading\">&nbsp; Telefax: 034653 \/ 729040&nbsp;<\/h3>\n\n\n\n<h3 class=\"wp-block-heading\">&nbsp; Steuernummer: 118\/105\/04007<\/h3>\n\n\n\n<h3 class=\"wp-block-heading\">&nbsp; USt ID: DE190415808&nbsp;<\/h3>\n\n\n\n<h3 class=\"wp-block-heading\">&nbsp; Handelsregister: Amtsgericht Stendal<\/h3>\n\n\n\n<h3 class=\"wp-block-heading\">&nbsp; Handelsregisternummer: HR-B 212138<\/h3>\n\n\n\n<h3 class=\"wp-block-heading\">Gesch\u00e4ftsf\u00fchrer: Lenny Meise\u00a0\u00a0<\/h3>\n\n\n\n<h3 class=\"wp-block-heading\">Das Landgericht in Hamburg f\u00e4llte am 12.05.1998 ein Urteil zur &#8222;Haftung f\u00fcr Linkverweise auf Homepage Seiten&#8220;. Das Urteil besagt,&nbsp;<\/h3>\n\n\n\n<h3 class=\"wp-block-heading\">dass man durch Anbringung von Linkverweisen auf den eigenen Homepage-Seiten zu fremden Homepage-Seiten die Inhalte der&nbsp;<\/h3>\n\n\n\n<h3 class=\"wp-block-heading\">gelinkten Seite ggf. mit zu verantworten hat. Dieses kann laut Landgericht nur dadurch verhindert werden, indem man sich&nbsp;<\/h3>\n\n\n\n<h3 class=\"wp-block-heading\">ausdr\u00fccklich von diesen Inhalten distanziert (Landgericht Hamburg &#8211; 312 O 85\/98).&nbsp;<\/h3>\n\n\n\n<h3 class=\"wp-block-heading\">Hiermit distanzieren wir uns ausdr\u00fccklich von allen Inhalten aller gelinkten Seiten auf unserer Homepage. Diese Erkl\u00e4rung gilt f\u00fcr alle<\/h3>\n\n\n\n<h3 class=\"wp-block-heading\">auf unserer Homepage angebrachten Links.<\/h3>\n","protected":false},"excerpt":{"rendered":"<p>verantwortlich im Sinne des Teledienstgesetzes &nbsp; Firmensitz:&nbsp; &nbsp; ER &amp; BE Com GmbH&nbsp; &nbsp; Uftrunger Hauptstra\u00dfe 56&nbsp; &nbsp; 06536 S\u00fcdharz OT Uftrungen&nbsp; &nbsp; Telefon: 034653&hellip;<\/p>\n","protected":false},"author":1,"featured_media":0,"parent":0,"menu_order":0,"comment_status":"closed","ping_status":"closed","template":"","meta":{"footnotes":""},"class_list":["post-16","page","type-page","status-publish","hentry"],"_links":{"self":[{"href":"https:\/\/ihr-telefonpartner.de\/index.php\/wp-json\/wp\/v2\/pages\/16","targetHints":{"allow":["GET"]}}],"collection":[{"href":"https:\/\/ihr-telefonpartner.de\/index.php\/wp-json\/wp\/v2\/pages"}],"about":[{"href":"https:\/\/ihr-telefonpartner.de\/index.php\/wp-json\/wp\/v2\/types\/page"}],"author":[{"embeddable":true,"href":"https:\/\/ihr-telefonpartner.de\/index.php\/wp-json\/wp\/v2\/users\/1"}],"replies":[{"embeddable":true,"href":"https:\/\/ihr-telefonpartner.de\/index.php\/wp-json\/wp\/v2\/comments?post=16"}],"version-history":[{"count":1,"href":"https:\/\/ihr-telefonpartner.de\/index.php\/wp-json\/wp\/v2\/pages\/16\/revisions"}],"predecessor-version":[{"id":646,"href":"https:\/\/ihr-telefonpartner.de\/index.php\/wp-json\/wp\/v2\/pages\/16\/revisions\/646"}],"wp:attachment":[{"href":"https:\/\/ihr-telefonpartner.de\/index.php\/wp-json\/wp\/v2\/media?parent=16"}],"curies":[{"name":"wp","href":"https:\/\/api.w.org\/{rel}","templated":true}]}}