{"id":85,"date":"2022-03-25T11:33:23","date_gmt":"2022-03-25T10:33:23","guid":{"rendered":"http:\/\/192.168.83.131\/?page_id=85"},"modified":"2022-04-12T14:09:08","modified_gmt":"2022-04-12T12:09:08","slug":"haussteuerung","status":"publish","type":"page","link":"https:\/\/ihr-telefonpartner.de\/index.php\/haussteuerung\/","title":{"rendered":"Haussteuerung"},"content":{"rendered":"\n<p><\/p>\n\n\n\n<figure class=\"wp-block-gallery has-nested-images columns-default is-cropped wp-block-gallery-1 is-layout-flex wp-block-gallery-is-layout-flex\">\n<figure class=\"wp-block-image size-full\"><img loading=\"lazy\" decoding=\"async\" width=\"125\" height=\"97\" data-id=\"89\" src=\"https:\/\/ihr-telefonpartner.de\/wp-content\/uploads\/2022\/03\/6190.png\" alt=\"\" class=\"wp-image-89\"\/><\/figure>\n\n\n\n<figure class=\"wp-block-image size-full is-style-default\"><img loading=\"lazy\" decoding=\"async\" width=\"176\" height=\"106\" data-id=\"91\" src=\"https:\/\/ihr-telefonpartner.de\/wp-content\/uploads\/2022\/03\/6194.png\" alt=\"\" class=\"wp-image-91\"\/><\/figure>\n\n\n\n<figure class=\"wp-block-image size-full\"><img loading=\"lazy\" decoding=\"async\" width=\"139\" height=\"138\" data-id=\"90\" src=\"https:\/\/ihr-telefonpartner.de\/wp-content\/uploads\/2022\/03\/6192.png\" alt=\"\" class=\"wp-image-90\"\/><\/figure>\n<\/figure>\n\n\n\n<p><\/p>\n\n\n\n<p>Im Bereich der&nbsp;<strong>Haussteuerung&nbsp;<\/strong>bieten wir unseren Kunden das System von AVM, als Erg\u00e4nzung zum&nbsp;\u201cnormalen\u201d Internetrouter an.&nbsp;&nbsp;<\/p>\n\n\n\n<p>Egal ob B\u00fcro, Haus oder Mietswohnung.&nbsp;&nbsp;<\/p>\n\n\n\n<p><strong>Sie m\u00f6chten:&nbsp;<\/strong>-Ihre Temperatur im Haus regeln oder kontrollieren-elektrische Verbraucher ein- und ausschalten<\/p>\n\n\n\n<p>Egal ob Urlaubsprogramm oder t\u00e4glich wechselnde Schaltzeiten, die Konfigurationsm\u00f6glichkeiten sind&nbsp;vielseitig und umfangreich! <\/p>\n\n\n\n<p>das Steuern funktioniert nicht nur lokal bei Ihnen sondern auch aus der Ferne via Computer, Notebook&nbsp;oder Smartphone per App? <\/p>\n\n\n\n<p>dann ist die Smart Home Steuerung genau das richtige!<\/p>\n\n\n\n<p>Sie k\u00f6nnen sich in unseren R\u00e4umlichkeiten dieses System in Aktion ansehen. Wir stellen Ihnen gern die&nbsp;Vorz\u00fcge und Funktionen vor. Vereinbaren Sie einen Termin mit uns!&nbsp;<\/p>\n\n\n\n<p>Alles, was Sie brauchen sind die jeweiligen Anschaltger\u00e4te und ein Internetanschluss*.<\/p>\n\n\n\n<p><\/p>\n\n\n\n<figure class=\"wp-block-gallery has-nested-images columns-default is-cropped wp-block-gallery-2 is-layout-flex wp-block-gallery-is-layout-flex\">\n<figure class=\"wp-block-image size-full\"><img loading=\"lazy\" decoding=\"async\" width=\"501\" height=\"333\" data-id=\"86\" src=\"https:\/\/ihr-telefonpartner.de\/wp-content\/uploads\/2022\/03\/6191.png\" alt=\"\" class=\"wp-image-86\" srcset=\"https:\/\/ihr-telefonpartner.de\/wp-content\/uploads\/2022\/03\/6191.png 501w, https:\/\/ihr-telefonpartner.de\/wp-content\/uploads\/2022\/03\/6191-300x199.png 300w\" sizes=\"auto, (max-width: 501px) 100vw, 501px\" \/><\/figure>\n\n\n\n<figure class=\"wp-block-image size-full\"><img loading=\"lazy\" decoding=\"async\" width=\"500\" height=\"333\" data-id=\"88\" src=\"https:\/\/ihr-telefonpartner.de\/wp-content\/uploads\/2022\/03\/6195-1.png\" alt=\"\" class=\"wp-image-88\" srcset=\"https:\/\/ihr-telefonpartner.de\/wp-content\/uploads\/2022\/03\/6195-1.png 500w, https:\/\/ihr-telefonpartner.de\/wp-content\/uploads\/2022\/03\/6195-1-300x200.png 300w\" sizes=\"auto, (max-width: 500px) 100vw, 500px\" \/><\/figure>\n\n\n\n<figure class=\"wp-block-image size-full\"><img loading=\"lazy\" decoding=\"async\" width=\"312\" height=\"208\" data-id=\"87\" src=\"https:\/\/ihr-telefonpartner.de\/wp-content\/uploads\/2022\/03\/6193.png\" alt=\"\" class=\"wp-image-87\" srcset=\"https:\/\/ihr-telefonpartner.de\/wp-content\/uploads\/2022\/03\/6193.png 312w, https:\/\/ihr-telefonpartner.de\/wp-content\/uploads\/2022\/03\/6193-300x200.png 300w\" sizes=\"auto, (max-width: 312px) 100vw, 312px\" \/><\/figure>\n<\/figure>\n","protected":false},"excerpt":{"rendered":"<p>Im Bereich der&nbsp;Haussteuerung&nbsp;bieten wir unseren Kunden das System von AVM, als Erg\u00e4nzung zum&nbsp;\u201cnormalen\u201d Internetrouter an.&nbsp;&nbsp; Egal ob B\u00fcro, Haus oder Mietswohnung.&nbsp;&nbsp; Sie m\u00f6chten:&nbsp;-Ihre Temperatur im&hellip;<\/p>\n","protected":false},"author":1,"featured_media":0,"parent":0,"menu_order":0,"comment_status":"closed","ping_status":"closed","template":"","meta":{"footnotes":""},"class_list":["post-85","page","type-page","status-publish","hentry"],"_links":{"self":[{"href":"https:\/\/ihr-telefonpartner.de\/index.php\/wp-json\/wp\/v2\/pages\/85","targetHints":{"allow":["GET"]}}],"collection":[{"href":"https:\/\/ihr-telefonpartner.de\/index.php\/wp-json\/wp\/v2\/pages"}],"about":[{"href":"https:\/\/ihr-telefonpartner.de\/index.php\/wp-json\/wp\/v2\/types\/page"}],"author":[{"embeddable":true,"href":"https:\/\/ihr-telefonpartner.de\/index.php\/wp-json\/wp\/v2\/users\/1"}],"replies":[{"embeddable":true,"href":"https:\/\/ihr-telefonpartner.de\/index.php\/wp-json\/wp\/v2\/comments?post=85"}],"version-history":[{"count":0,"href":"https:\/\/ihr-telefonpartner.de\/index.php\/wp-json\/wp\/v2\/pages\/85\/revisions"}],"wp:attachment":[{"href":"https:\/\/ihr-telefonpartner.de\/index.php\/wp-json\/wp\/v2\/media?parent=85"}],"curies":[{"name":"wp","href":"https:\/\/api.w.org\/{rel}","templated":true}]}}